, 1023114839
List the prime factors of 119579422.
2, 3313, 18047
List the prime factors of 463008453.
3, 154336151
List the prime factors of 155731013.
53, 139, 21139
List the prime factors of 39477866.
2, 19738933
What are the prime factors of 3085926122?
2, 17, 90762533
What are the prime factors of 41719082?
2, 443, 47087
List the prime factors of 205482339.
3, 2536819
List the prime factors of 92044205.
5, 11, 17, 98443
What are the prime factors of 48382404?
2, 3, 7, 107, 769
List the prime factors of 112185224.
2, 29, 483557
List the prime factors of 154371237.
3, 17, 1327, 2281
List the prime factors of 1104903662.
2, 43, 12847717
List the prime factors of 267622242.
2, 3, 44603707
List the prime factors of 427642171.
11, 38876561
List the prime factors of 120663916.
2, 30165979
What are the prime factors of 124761810?
2, 3, 5, 17, 223, 1097
List the prime factors of 361180252.
2, 167, 540689
List the prime factors of 23079833.
7, 23, 20479
List the prime factors of 374476810.
2, 5, 37447681
List the prime factors of 2336446626.
2, 3, 31, 405211
List the prime factors of 744292752.
2, 3, 7, 47, 6733
List the prime factors of 413372808.
2, 3, 127, 5023
List the prime factors of 6837349764.
2, 3, 7, 83, 980687
List the prime factors of 32530393.
7, 53, 87683
List the prime factors of 82317586.
2, 13, 31, 41, 47, 53
List the prime factors of 134669722.
2, 11, 43, 142357
List the prime factors of 1764575254.
2, 13, 139, 488261
What are the prime factors of 3364289611?
57077, 58943
List the prime factors of 7759628923.
7759628923
What are the prime factors of 2290529847?
3, 107, 7135607
What are the prime factors of 583856206?
2, 19, 3823, 4019
What are the prime factors of 2870250726?
2, 3, 7, 17, 577, 6967
List the prime factors of 4649601.
3, 11, 140897
List the prime factors of 1685176236.
2, 3, 23, 2035237
What are the prime factors of 212260?
2, 5, 10613
What are the prime factors of 47191756?
2, 79, 149341
What are the prime factors of 257080651?
1361, 188891
What are the prime factors of 435139846?
2, 127, 229, 7481
What are the prime factors of 187570174?
2, 11, 79, 107923
List the prime factors of 1745712644.
2, 13, 2393, 14029
List the prime factors of 749768506.
2, 173, 2166961
What are the prime factors of 499954694?
2, 249977347
What are the prime factors of 381414050?
2, 5, 73, 83, 1259
List the prime factors of 3046038099.
3, 13, 78103541
What are the prime factors of 50144870?
2, 5, 241, 20807
What are the prime factors of 11625537?
3, 7, 11, 59, 853
List the prime factors of 5154577783.
641, 8041463
List the prime factors of 1734186535.
5, 346837307
List the prime factors of 28208263.
421, 67003
List the prime factors of 301755025.
5, 11, 13, 84407
What are the prime factors of 11207348?
2, 23, 43, 2833
What are the prime factors of 822717877?
822717877
List the prime factors of 115666481.
7, 16523783
What are the prime factors of 44626651?
44626651
List the prime factors of 151161214.
2, 3691, 20477
List the prime factors of 55843967.
97, 575711
What are the prime factors of 4947337518?
2, 3, 17, 89, 271, 2011
List the prime factors of 147622948.
2, 11, 3355067
List the prime factors of 78453295.
5, 41, 109, 3511
List the prime factors of 296320661.
7, 13, 23, 31, 4567
What are the prime factors of 2514189320?
2, 5, 62854733
What are the prime factors of 615516228?
2, 3, 2399, 7127
List the prime factors of 1899432854.
2, 11, 97, 601, 1481
What are the prime factors of 1686436848?
2, 3, 1019, 1277
What are the prime factors of 34168068?
2, 3, 11, 9587
What are the prime factors of 112658602?
2, 7, 53, 149, 1019
List the prime factors of 52961564.
2, 13240391
List the prime factors of 7331073608.
2, 17, 53904953
List the prime factors of 6686346231.
3, 1481, 167213
List the prime factors of 142524443.
157, 307, 2957
What are the prime factors of 34317587?
23, 1492069
List the prime factors of 64488080.
2, 5, 41, 19661
What are the prime factors of 1716012288?
2, 3, 109, 6833
What are the prime factors of 103599545?
5, 7, 967, 3061
List the prime factors of 465463014.
2, 3, 2083, 37243
List the prime factors of 1600185502.
2, 800092751
What are the prime factors of 1382217201?
3, 827, 185707
List the prime factors of 99235306.
2, 49617653
What are the prime factors of 237057805?
5, 439, 107999
What are the prime factors of 35374666?
2, 139, 127247
What are the prime factors of 608802847?
23, 37, 715397
List the prime factors of 15650726.
2, 7, 13, 113, 761
List the prime factors of 1674336374.
2, 193, 263, 16493
What are the prime factors of 1783023001?
31, 57516871
List the prime factors of 323359166.
2, 13, 79, 157429
What are the prime factors of 2035603890?
2, 3, 5, 1723, 13127
List the prime factors of 33036034.
2, 503, 32839
List the prime factors of 38967678.
2, 3, 311, 6961
What are the prime factors of 6589396?
2, 11, 149759
List the prime factors of 2079707292.
2, 3, 13, 31, 71, 673
What are the prime factors of 161246354?
2, 67, 1203331
List the prime factors of 41237839.
647, 63737
List the prime factors of 64568475.
3, 5, 23, 4159
List the prime factors of 52178568.
2, 3, 13, 41, 4079
List the prime factors of 224796618.
2, 3, 23, 542987
What are the prime factors of 367878861?
3, 7, 17, 61, 1877
List the prime factors of 28173120.
2, 3, 5, 29347
List the prime factors of 203691867.
3, 227, 299107
What are the prime factors of 5791902?
2, 3, 965317
List the prime factors of 993166935.
3, 5, 66211129
What are the prime factors of 804440047?
10391, 77417
What are the prime factors of 257265902?
2, 23, 29, 192853
List the prime factors of 231863151.
3, 13, 449, 13241
What are the prime factors of 739215562?
2, 1823, 202747
List the prime factors of 1541608133.
13, 79, 19001
What are the prime factors of 145684281?
3, 37, 1312471
What are the prime factors of 37313088?
2, 3, 31, 6269
What are the prime factors of 92642969?
47, 1971127
What are the prime factors of 81591164?
2, 283, 72077
What are the prime factors of 1406741416?
2, 175842677
What are the prime factors of 6776691?
3, 29, 77893
What are the prime factors of 552559322?
2, 7, 39468523
What are the prime factors of 13794568?
2, 1724321
What are the prime factors of 616608249?
3, 205536083
What are the prime factors of 64022073?
3, 1151, 18541
List the prime factors of 63339833.
63339833
List the prime factors of 198905683.
541, 367663
What are the prime factors of 1890194682?
2, 3, 31, 59, 172243
What are the prime factors of 2772841?
19, 7681
List the prime factors of 1093996479.
3, 31, 53, 221951
What are the prime factors of 4905028238?
2, 11, 3919, 56891
What are the prime factors of 492636223?
541, 910603
What are the prime factors of 74058094?
2, 11, 293, 11489
List the prime factors of 157305073.
23, 6839351
List the prime factors of 33834900.
2, 3, 5, 11, 10253
What are the prime factors of 253825047?
3, 7, 19, 30293
List the prime factors of 201655203.
3, 61, 1101941
What are the prime factors of 1071871058?
2, 535935529
What are the prime factors of 773741876?
2, 17, 311, 36587
What are the prime factors of 1498394281?
16763, 89387
What are the prime factors of 106546253?
11, 419, 23117
List the prime factors of 15749754.
2, 3, 2624959
List the prime factors of 54812419.
54812419
List the prime factors of 3997979212.
2, 999494803
List the prime factors of 71078166.
2, 3, 593, 6659
List the prime factors of 365227015.
5, 29, 1021, 2467
What are the prime factors of 136092195?
3, 5, 83, 439
List the prime factors of 902188705.
5, 11, 419, 3559
List the prime factors of 79637123.
167, 476869
What are the prime factors of 79640377?
173, 460349
List the prime factors of 19382620.
2, 5, 969131
What are the prime factors of 4538226935?
5, 11, 82513217
What are the prime factors of 328324?
2, 79, 1039
What are the prime factors of 23016064?
2, 179813
What are the prime factors of 2969706?
2, 3, 59, 8389
What are the prime factors of 47794007?
47794007
List the prime factors of 127258066.
2, 13, 4894541
List the prime factors of 45926157.
3, 257, 59567
List the prime factors of 112651023.
3, 53, 708497
List the prime factors of 784338269.
11, 13, 2333, 2351
What are the prime factors of 98856245?
5, 19771249
List the prime factors of 86912966.
2, 7